d derivative of -h**5/60 + 11*h**4/24 - 13*h**3/3 + 10*h**2. Let k be z(8). List the prime factors of (-14*18)/k - (1 - -2).
3, 41
Let v(n) = -8*n - 64. Let o be v(-8). Suppose 6*y + 1742 - 6614 = o. List the prime factors of y.
2, 7, 29
Let d = -26 - -35. Suppose 3*k = d*k - 4032. What are the prime factors of k?
2, 3, 7
Let q(t) = 23*t - 26. Let l be q(17). Suppose -217 - l = -u. Suppose -12*i + u = -6*i. What are the prime factors of i?
97
Let a = -14730 + 57337. List the prime factors of a.
137, 311
Suppose 0 = -8*b + 26 + 6. Suppose 0 = -4*f + 3*a - a, -b*a + 20 = 2*f. Suppose -3*n + f*n = -6. What are the prime factors of n?
2, 3
Suppose -c + 3*c - v - 149 = 0, 3*c + v - 226 = 0. Let t = -76 + c. List the prime factors of 18/3 + 3 + t.
2
Let f(s) = -s**2 + 8*s + 27. Let l be f(-5). Let c = l - -90. Let v = c + 149. List the prime factors of v.
3, 67
Suppose 1 + 2 = t. Let u = t - -7. List the prime factors of ((-84)/(-10))/(3/u).
2, 7
Let a(n) = 6*n**3 + 7*n**2 + 24*n - 8. What are the prime factors of a(6)?
2, 421
Let n(l) = -10*l - 4 - 3 + 13*l - 6*l. Suppose 7 = -5*g - r - 8, -4*g - 12 = -r. What are the prime factors of n(g)?
2
Let x be 7 + 1 + (0 - (2 + -1)). Let t be x - 3 - 2/(-4)*2. Suppose -3*v + 4*q = -t*v + 148, 5*v = q + 425. What are the prime factors of v?
2, 3, 7
What are the prime factors of (-4)/(12/4017)*(10 + -9 + -26)?
5, 13, 103
Suppose 4*b + 43 = -3*s, b - 5*s - 6 = 12. Let r(o) = 19*o**2 - 12*o - 25. List the prime factors of r(b).
2, 3, 5, 11
What are the prime factors of 23/(-230)*(-10 - 0) + 4706?
3, 523
Let s = -23344 + 33334. What are the prime factors of s?
2, 3, 5, 37
Suppose 135 = 31*b + 42. Suppose -5*a = -5*q + 15, -2*a - 5 - 1 = 2*q. List the prime factors of 4 + -1 + -3 + q + b.
3
Suppose -j - 90 = -4*n - 0*j, 116 = 5*n - 3*j. Let v(w) = 17*w + n + 16 - w**2 - 10 + 7*w. List the prime factors of v(16).
2, 3, 13
Let f(i) = -309*i**2 + 191*i - 9. Let w(t) = -103*t**2 + 64*t - 3. Let v(d) = -4*f(d) + 11*w(d). List the prime factors of v(4).
17, 83
Suppose -104*w - 1272096 + 2810246 = -1430426. List the prime factors of w.
2, 223
Suppose -60489 = -2*i + 4*n - 2767, -144253 = -5*i - 3*n. What are the prime factors of i?
11, 43, 61
Suppose -3*l + 9 + 3 = 0, 0 = -4*c + 3*l. Suppose 4*n - 299 = 3*x, c*n - 238 = 5*x - 0*x. Suppose 249 = 4*i - n. What are the prime factors of i?
2, 5
Suppose 81*s = 80*s + 5. Suppose -c - 921 = -s*u, -5*u - c + 696 = -233. List the prime factors of u.
5, 37
Let s be -88*46/(-8)*(12 - 10). Let c = s - 457. Suppose 0 = -4*p + 2*g + 3*g + c, 5*p + g = 730. List the prime factors of p.
5, 29
Let a be ((-5)/(-3))/(145/348). Suppose 2*p - 3*g - 1095 = 0, a*p - p - 1644 = 5*g. List the prime factors of p.
3, 181
Suppose -36*r - 3*j + 136027 = -32*r, 3*r = j + 102004. What are the prime factors of r?
37, 919
Let y(c) be the second derivative of -4*c**3/3 + 13*c**2/2 + 217*c + 1. Suppose 3*x + 4*u = -39, 4*x - 5*u + 21 = -0*u. What are the prime factors of y(x)?
5, 17
Let n(f) = 24*f**3 + 2*f**2 + 10*f - 52. Let p be n(5). List the prime factors of p/7 + 320/560.
2, 109
Let c(v) = v**3 + 8*v**2 + 9*v + 1. Let h be c(-7). Let x = h + 40. Suppose 0 = -4*d + x + 217. What are the prime factors of d?
61
Let x(a) = 3*a**2 + 10*a + 14. Let u be (3/4 - 0)/((-33)/3828). Let g = 81 + u. What are the prime factors of x(g)?
2, 31
Let i(b) = -3 + 5*b**2 - 72*b + 74*b + 6. List the prime factors of i(7).
2, 131
Suppose 0 = 4*v + 5*t - 3823, 5*t = v - 48 - 914. What are the prime factors of v?
3, 11, 29
Suppose 369*x - 62*x - 1639380 = 0. What are the prime factors of x?
2, 3, 5, 89
Let r(p) = -74*p**3 - 9*p**2 - 2*p + 3. Let g be r(-4). Suppose 20*i - 9417 = g. What are the prime factors of i?
701
What are the prime factors of -12129*(8/16 + (-9)/6)?
3, 13, 311
Let p be 2/(-2) - (72/9)/(-8). Suppose -4*n + p*n - 4*r + 4448 = 0, -3*r = -2*n + 2204. What are the prime factors of n?
2, 277
Suppose f - 7 = -6. Let x(s) = 345*s**3 + 2*s**2 - s - 1. Let d be x(f). Suppose -j + 165 = 2*t, t - j - d = -3*t. What are the prime factors of t?
5, 17
Suppose -4*n = -14*p + 5*p + 419268, -232910 = -5*p + 5*n. What are the prime factors of p?
2, 19, 613
Suppose -3*k + 3*w = -14130, -25*k + 29*k - 18846 = -2*w. What are the prime factors of k?
7, 673
Suppose -q - 2 = 0, -q - q = -4*b + 12. Suppose b*j + 3*m - 1623 = 0, -3*j - 4*m = -309 - 2125. What are the prime factors of j?
2, 3, 5
Let d be 44/264 + 305/6. Suppose 37*s = d*s - 3444. What are the prime factors of s?
2, 3, 41
Let f = -19483 - -27406. List the prime factors of f.
3, 19, 139
Let f(d) = -560*d**3 - 6*d**2 - 9*d - 3. Let s be f(-1). Let x = 3 - 0. Suppose -s = -x*u - 7*u. What are the prime factors of u?
2, 7
Let k = -389 + 578. Suppose 3*g - 135 - k = 0. Suppose w - 4*w = -g. List the prime factors of w.
2, 3
Suppose -100*v + 685408 + 585382 = -25610. List the prime factors of v.
2, 7, 463
Suppose -38058 - 38270 = -29*p. Suppose -5*y + u + 4101 = -297, -p = -3*y + 4*u. What are the prime factors of y?
2, 5, 11
Let t(y) = y. Let k be t(3). Let m be (1/k)/(0 + (-7)/(-42)). What are the prime factors of -478*(30/(-36) - m/(-6))?
239
Let q(j) = 102*j**2 + 9*j + 18. List the prime factors of q(-6).
2, 3, 101
Let o(j) = 17*j**3 + j**2 + 3. Let b be o(2). Let w = 440 - b. List the prime factors of w.
3, 11
Suppose 43*c + 476689 - 2374236 = 0. List the prime factors of c.
44129
Suppose 0 = a + 3*y + 20, a = -4*a - 5*y - 120. Let b = 33 + a. Let i(m) = m**3 - 7*m**2 + m + 23. What are the prime factors of i(b)?
2, 3, 5
Suppose -12*t + 48 = -4*t. Suppose -1260 = -18*j + t*j. Suppose 0 = -7*a + 10*a - j. What are the prime factors of a?
5, 7
Let n = -1245 + 2296. Let i = n + -251. What are the prime factors of i?
2, 5
Let g(f) = -2*f**3 - 2*f**2 + 16*f + 4. Let v be g(-6). Suppose 13*p + v = 8874. What are the prime factors of p?
2, 331
Let w be 4011/(-15) + (-4)/(-10). Let y = -110 + w. Let n = y - -556. List the prime factors of n.
179
Let o = 2343 - 1679. List the prime factors of o.
2, 83
Suppose n - 6 = 2*i, 0*i = -n - i. Suppose n*d + 3*z + 47 = -121, 0 = 3*d - 3*z + 252. What are the prime factors of (-4512)/d + 4/14?
2, 3
Suppose -2*p + 2*d + 75578 = 0, 326*p - 330*p - 3*d + 151205 = 0. List the prime factors of p.
2, 11, 859
Let p(l) = 7*l**3 - 4*l**2 + 3*l. Let z be p(2). Let c = -19 + z. Suppose r - 40 = -j + c, j = -5*r + 67. List the prime factors of j.
67
Suppose -50 = 18*u - 23*u. Let g = u - -3. Suppose g*l + 96 - 1734 = 0. What are the prime factors of l?
2, 3, 7
Suppose 0 = -14*d + 10*d + 4*s + 124400, 0 = 2*d - s - 62200. List the prime factors of d.
2, 5, 311
Let x(w) be the third derivative of 145*w**4/24 - 8*w**2. Let q be x(1). Suppose -5*r + q + 230 = 0. List the prime factors of r.
3, 5
Let k(g) = 164*g**2 + 5*g - 1. Let r be k(2). Let z = -48 + r. List the prime factors of z.
617
Suppose 4*l = -3*m + 7, 2*m + 0*l - 18 = 4*l. Suppose 18*s - m*s = 10920. List the prime factors of s.
2, 3, 5, 7
Let g = -58 + 60. List the prime factors of ((-1416)/(-3))/g - (-14 + 9).
241
Let m = -67 - -92. Let q(l) = -l**2 + 23*l + 53. Let o be q(m). List the prime factors of (-120)/16*(-70)/o.
5, 7
Let p = 580 - 577. Suppose -2*f + 0*r + 3*r = -810, r = -4. Suppose 4*j = -p*j + f. List the prime factors of j.
3, 19
Suppose 281*u + 170519 = 1543593 + 160062. What are the prime factors of u?
2, 11, 31
Suppose 15382 = 13*y - 23514. Suppose -37*j = -29*j - y. List the prime factors of j.
2, 11, 17
Let h = -9028 + 16913. List the prime factors of h.
5, 19, 83
Let q(l) = l**3 - l. Let n = -44 + 46. Let y be q(n). Suppose y*b = -2*b + 240. What are the prime factors of b?
2, 3, 5
Let j be 2 - (6 - 1) - -5. Suppose j*u = 2*b - 606, 2*u = b + 29 - 330. What are the prime factors of b?
5, 61
Let z be (1 - 2)/((-7)/1 + 8). List the prime factors of (-264)/(z - -3)*121/(-44).
3, 11
Suppose 2*h - 3*s = 28, -3*h - 6*s = -3*s - 42. Suppose 0 = -r + 2*c - 2, -2*r = -3*c + 8*c - h. Suppose 0 = 2*j + r*j - 492. What are the prime factors of j?
3, 41
Suppose 664*i - 108627 = 579*i + 568058. List the prime factors of i.
19, 419
Suppose -w + 4615 = -3*y, -4*y + 8*y = -w + 4580. List the prime factors of w.
2, 5, 23
Suppose 0 = 352*u - 356*u + 13504. Suppose -9*h = -1250 - 